7.
-51254
What is -4466643 (base 7) in base 5?
-120221423
Convert -34032540 (base 7) to base 13.
-7c35cc
Convert -21241067 (base 9) to base 14.
-150899d
Convert 15855956 (base 10) to base 5.
13024342311
What is 670ca9 (base 13) in base 7?
26440055
What is 1001011010100110100110 (base 2) in base 8?
11324646
Convert 201532 (base 6) to base 16.
3e60
What is -1111212022212 (base 3) in base 12?
-329572
2101323212 (base 4) to base 16
91ee6
-1342920 (base 11) to base 4
-20311223323
Convert 42343 (base 8) to base 3.
220012011
Convert -1788988 (base 10) to base 8.
-6646074
Convert -13980 (base 15) to base 6.
-1203103
44689 (base 10) to base 5
2412224
What is -774533 (base 15) in base 3?
-101200210220110
What is 25932 (base 11) in base 8?
110305
What is 223202212301 (base 4) in base 2?
101011100010100110110001
What is dca81 (base 14) in base 4?
2002132021
What is -242330023 (base 5) in base 9?
-2121584
12222021122 (base 3) to base 2
11100101101000111
Convert 2209031 (base 12) to base 14.
c0b5c1
566232 (base 7) to base 10
100620
What is -411221 (base 8) in base 2?
-100001001010010001
Convert -30030103102 (base 4) to base 15.
-431ee4
What is 6420560 (base 7) in base 13?
2132a5
What is 678422 (base 9) in base 6?
12413245
Convert -3331206 (base 7) to base 10.
-411018
Convert -1020200221 (base 3) to base 4.
-11333320
What is -10a04 (base 11) in base 10?
-15855
What is 324a8 (base 14) in base 9?
204806
What is -644741 (base 9) in base 13?
-105a6c
What is -51444 (base 6) in base 7?
-26011
155498a (base 12) to base 9
8147257
-365125 (base 10) to base 14
-970c5
-96a57 (base 13) to base 12
-1114a1
Convert 34223042 (base 5) to base 4.
1022122010
Convert -755c2 (base 16) to base 2.
-1110101010111000010
16854685 (base 9) to base 11
4872406
3e1f1 (base 16) to base 3
110221001001
Convert 147603 (base 11) to base 16.
3811d
Convert -972c4 (base 15) to base 6.
-14141404
1408 (base 12) to base 3
10011122
-6335253 (base 7) to base 6
-24223213
160925 (base 10) to base 12
79165
65314003 (base 7) to base 2
10101010011001101010100
Convert -1902072 (base 12) to base 8.
-23744726
Convert 26513230 (base 7) to base 11.
14176a5
Convert 87c7 (base 13) to base 2.
100100111101010
What is 285155 (base 14) in base 7?
14605535
67910a1 (base 11) to base 9
24331827
Convert 3427214 (base 8) to base 6.
31530512
11423121 (base 5) to base 10
107911
Convert -466216 (base 8) to base 9.
-261823
-17cb0 (base 15) to base 9
-126703
11b279a (base 12) to base 14
663942
Convert -22102222011021 (base 3) to base 5.
-2122041420
Convert -364139 (base 14) to base 6.
-103432503
Convert 13306541 (base 10) to base 14.
1aa5473
Convert b162d (base 16) to base 3.
1100220200010
Convert -100101001100010011000 (base 2) to base 14.
-23a1cc
Convert 926516 (base 10) to base 14.
1a191a
Convert 203433131 (base 5) to base 11.
526328
What is 15112303 (base 6) in base 5?
113212311
Convert 2802612 (base 9) to base 2.
101110111010011001101
Convert -175104 (base 8) to base 16.
-fa44
-5619111 (base 11) to base 14
-1445d72
Convert 1806516 (base 9) to base 2.
11110110001111110011
Convert 231020310 (base 5) to base 10.
1032580
-116800 (base 12) to base 5
-32443323
-66744a3 (base 11) to base 16
-b29710
What is 224222444 (base 5) in base 13?
29399a
Convert 100020011210 (base 3) to base 7.
1354410
Convert -13503254 (base 6) to base 8.
-1601422
1122132 (base 5) to base 12
b8b0
What is 202010002222 (base 3) in base 13?
10b29c
Convert 133214 (base 8) to base 6.
1000204
Convert -145561400 (base 7) to base 13.
-20331a7
1111000010111010 (base 2) to base 3
10010112110
Convert 125143 (base 8) to base 13.
16b14
24134 (base 9) to base 11
11152
-1011110010111010 (base 2) to base 11
-33332
What is -120021220210101 (base 3) in base 12?
-287b491
What is b7749 (base 12) in base 3?
110020221110
-14241 (base 5) to base 12
-838
1220001210 (base 3) to base 9
56053
Convert 2041 (base 11) to base 12.
1697
Convert 10012012001 (base 3) to base 5.
4002310
What is 4114753 (base 8) in base 3?
2001021102112
Convert -1540143 (base 7) to base 4.
-303212220
What is -422235 (base 10) in base 13?
-11a258
What is 101001110111100010101 (base 2) in base 12?
561b31
-12c77 (base 14) to base 6
-554345
What is 11201211121 (base 3) in base 12?
45b21
What is -10110111010100011011 (base 2) in base 5?
-143012000
-150760 (base 16) to base 10
-1378144
5b74b (base 14) to base 9
370768
What is -a51641 (base 12) in base 6?
-131340121
11030258 (base 9) to base 7
63224630
What is 3505 (base 13) in base 12?
4381
Convert -3043350 (base 9) to base 8.
-6142002
-81346a (base 11) to base 10
-1307602
-19bd52 (base 16) to base 8
-6336522
-20670210 (base 8) to base 11
-2549668
-31a549 (base 15) to base 13
-649b48
What is 10203232 (base 5) in base 14?
22ca5
Convert 1201220012022 (base 3) to base 9.
1656168
-19a636c (base 13) to base 8
-40232573
What is 252020 (base 8) in base 5?
10241211
Convert -1243e (base 16) to base 10.
-74814
-1000011001101011011101 (base 2) to base 9
-4126026
4041100 (base 5) to base 10
65150
Convert -11112010010 (base 3) to base 14.
-2462a
What is -96a0c (base 16) in base 2?
-10010110101000001100
-339b0 (base 16) to base 4
-303212300
134035220 (base 7) to base 3
121101202210212
-241321303 (base 5) to base 8
-4213713
Convert -37198 (base 13) to base 5.
-11220411
Convert -1a5000 (base 14) to base 2.
-11100100011100011000
-151135 (base 6) to base 9
-21835
Convert -127520 (base 12) to base 7.
-2401542
Convert 12132303431 (base 5) to base 11.
8103388
Convert -101011101010101101010 (base 2) to base 10.
-1430890
Convert 1210212202 (base 3) to base 5.
2120013
What is -19bb2 (base 12) in base 8?
-112166
1317073 (base 9) to base 2
10101111110110111110
-a633cb (base 15) to base 11
-4511848
-d5a217 (base 14) to base 16
-6e0a7d
What is -41b814 (base 14) in base 13?
-5ca1b3
What is -83531 (base 10) in base 8?
-243113
What is 1504303 (base 8) in base 14?
b20b9
What is 34c5aa (base 13) in base 5?
310133342
20001220122012 (base 3) to base 12
10b7095
1001100001001110010010 (base 2) to base 4
21201032102
Convert 4a809 (base 16) to base 4.
1022200021
Convert 11001100001010011 (base 2) to base 5.
11321111
Convert 47f0 (base 16) to base 5.
1042131
What is -2702475 (base 8) in base 2?
-10111000010100111101
Convert -3941380 (base 10) to base 6.
-220251044
1210513 (base 7) to base 15
30914
Convert -1121674 (base 12) to base 5.
-1314411333
-5984132 (base 10) to base 11
-3417a70
Convert 1001110010011100010 (base 2) to base 16.
4e4e2
666e8 (base 15) to base 6
10551132
1210000322 (base 4) to base 15
815a8
What is 64a189 (base 13) in base 6?
122401342
What is a6635 (base 14) in base 9?
672206
247355 (base 10) to base 9
416268
Convert -32221101000 (base 4) to base 13.
-a4552a
What is -10350424 (base 9) in base 16?
-4c30f3
-127237 (base 9) to base 2
-10010111010011110
-27266 (base 10) to base 7
-142331
-1aa054 (base 16) to base 7
-20555256
Convert -22121002001 (base 3) to base 5.
-20403213
Convert -30120412 (base 5) to base 6.
-5041453
Convert -10010011101100100 (base 2) to base 4.
-102131210
236216 (base 9) to base 11
97a33
What is 201021102102 (base 3) in base 7?
3140042
What is 3141331023 (base 5) in base 13?
1499428
What is -2e45a (base 15) in base 3?
-21121001111
Convert -110001001011010011110011 (base 2) to base 5.
-11300011004
-14413033 (base 5) to base 10
-154143
What is -11100110110011100001 (base 2) in base 4?
-3212303201
Convert -1767627 (base 8) to base 2.
-1111110111110010111
-fa7a0 (base 16) to base 13
-29bc95
What is 2d78b9 (base 16) in base 3?
12121101211022
Convert 1001000111100101 (base 2) to base 13.
14000
Convert 20065514 (base 8) to base 16.
406b4c
-1211121110 (base 4) to base 11
-264040
Convert 41703 (base 10) to base 7.
232404
-1d460 (base 14) to base 2
-10010010011001100
27452710 (base 9) to base 4
303231311010
Convert 1107a1 (base 13) to base 10.
401168
What is 852989 (base 10) in base 12?
351765
200220 (base 12) to base 11
310156
Convert -2375314 (base 8) to base 9.
-1206137
What is -4100300 (base 5) in base 16?
-100a4
What is -35114201 (base 6) in base 15?
-165db7
-1210013 (base 7) to base 15
-307ee
-a312 (base 13) to base 9
-33761
Convert -9cbe (base 15) to base 8.
-100746
Convert -413212502 (base 6) to base 8.
-33230166
-74797 (base 10) to base 8
-222055
What is 1455